{"id":91,"date":"2019-03-10T19:37:46","date_gmt":"2019-03-10T19:37:46","guid":{"rendered":"http:\/\/donusumdegerleme.com\/?page_id=91"},"modified":"2019-05-26T03:25:06","modified_gmt":"2019-05-26T03:25:06","slug":"duyurular","status":"publish","type":"page","link":"https:\/\/donusumdegerleme.com\/?page_id=91","title":{"rendered":"HABERLER"},"content":{"rendered":"\n<figure class=\"wp-block-image\"><img loading=\"lazy\" width=\"600\" height=\"400\" src=\"http:\/\/donusumdegerleme.com\/wp-content\/uploads\/2019\/03\/AA.jpg\" alt=\"\" class=\"wp-image-106\" srcset=\"https:\/\/donusumdegerleme.com\/wp-content\/uploads\/2019\/03\/AA.jpg 600w, https:\/\/donusumdegerleme.com\/wp-content\/uploads\/2019\/03\/AA-300x200.jpg 300w\" sizes=\"(max-width: 600px) 100vw, 600px\" \/><\/figure>\n\n\n\n<blockquote class=\"wp-block-quote\"><p>                   Mart 2019 tarihinden itibaren yabanc\u0131 \u00fclke vatanda\u015flar\u0131na yap\u0131lan gayrimenkul sat\u0131\u015f i\u015flemlerinde ta\u015f\u0131nmaz de\u011ferleme raporu aranacak. D\u00fczenlemeyle birlikte y\u00fcksek fiyatland\u0131rma ve in\u015faat sekt\u00f6r\u00fcndeki kay\u0131t d\u0131\u015f\u0131l\u0131\u011f\u0131n \u00f6n\u00fcne ge\u00e7ilerek T\u00fcrkiye&#8217;nin marka de\u011ferinin yabanc\u0131 yat\u0131r\u0131mc\u0131 nezdinde art\u0131r\u0131lmas\u0131 ama\u00e7lan\u0131yor. \u00c7evre ve \u015eehircilik Bakanl\u0131\u011f\u0131\u2019na ba\u011fl\u0131 Tapu ve Kadastro Genel M\u00fcd\u00fcrl\u00fc\u011f\u00fc (TKGM) taraf\u0131ndan yay\u0131nlanan genelgeye g\u00f6re yabanc\u0131 uyruklu ki\u015filerin gerek al\u0131c\u0131, gerek sat\u0131c\u0131 olarak taraf oldu\u011fu b\u00fct\u00fcn sat\u0131\u015f i\u015flemlerinde ta\u015f\u0131nmaz\u0131n piyasa de\u011ferini g\u00f6steren de\u011ferleme raporu zorunlulu\u011fu getirildi. D\u00fczenleme 4 Mart 2019 tarihinden itibaren ge\u00e7erli olacak.   DE\u011eERLEME RAPORLARI 3 AY S\u00dcREYLE GE\u00c7ERL\u0130 OLACAK   De\u011ferleme Raporu uygulamas\u0131 hali haz\u0131rda vatanda\u015fl\u0131k ba\u015fvurusu i\u00e7in yap\u0131lan emlak al\u0131mlar\u0131nda y\u00fcr\u00fcrl\u00fc\u011fe girmi\u015fti. Yeni d\u00fczenlemeyle birlikte bu \u015fart t\u00fcm yabanc\u0131ya gayrimenkul sat\u0131\u015flar\u0131na getirildi. Genelgeye g\u00f6re, haz\u0131rlanan de\u011ferleme raporlar\u0131 d\u00fczenlendi\u011fi tarihten itibaren 3 ay ge\u00e7erli olacak ve herhangi bir sat\u0131\u015f i\u015fleminde kullan\u0131labilecek. 3 ayl\u0131k s\u00fcre\u00e7te ta\u015f\u0131nmaz\u0131n de\u011ferine etki edecek bir de\u011fi\u015fiklik s\u00f6z konusu olursa yeni de\u011ferleme raporu istenecek. Hen\u00fcz in\u015fa a\u015famas\u0131ndaki yap\u0131lar i\u00e7in ise tamamland\u0131ktan sonra elde edece\u011fi de\u011fer \u00fczerinden bir hesaplama yap\u0131lacak. De\u011ferleme raporlar\u0131 ise SPK lisansl\u0131 uzmanlar taraf\u0131ndan verilmeye devam edecek. Tapu ve Kadastro Genel M\u00fcd\u00fcr\u00fc M. Zeki ADLI, \u201cYeni d\u00fczenlemeyle birlikte \u00f6zellikle yabanc\u0131ya konut sat\u0131\u015f\u0131 sekt\u00f6r\u00fcnde profesyonelle\u015fme ve uzmanl\u0131k \u00f6n plana \u00e7\u0131kacak, hizmet kalitesinin art\u0131r\u0131lmas\u0131na katk\u0131 sa\u011flayacak. T\u00fcrkiye\u2019nin yabanc\u0131 \u00fclke vatanda\u015flar\u0131 nezdindeki alg\u0131s\u0131 ve g\u00fcvenilirli\u011fi de artacak.\u201d dedi. <\/p><cite><a href=\"https:\/\/tkgm.gov.tr\/tr\/icerik\/yabanciya-konut-satisinda-degerleme-zorunlulugu\">https:\/\/tkgm.gov.tr\/tr\/icerik\/yabanciya-konut-satisinda-degerleme-zorunlulugu<\/a><\/cite><\/blockquote>\n\n\n\n<p>Yabanc\u0131 Uyruklu Ki\u015filer \u0130\u00e7in Ta\u015f\u0131nmaz Edinim Rehberi<\/p>\n\n\n\n<div class=\"wp-block-file\"><a href=\"http:\/\/donusumdegerleme.com\/wp-content\/uploads\/2019\/03\/tapu_ve_kadastro_genel_mudurlugu_-_yabancilarin_tasinmaz_edinim_rehberi_-_2019-03-01.pdf\">tapu_ve_kadastro_genel_mudurlugu_-_yabancilarin_tasinmaz_edinim_rehberi_-_2019-03-01<\/a><a href=\"http:\/\/donusumdegerleme.com\/wp-content\/uploads\/2019\/03\/tapu_ve_kadastro_genel_mudurlugu_-_yabancilarin_tasinmaz_edinim_rehberi_-_2019-03-01.pdf\" class=\"wp-block-file__button\" download>\u0130ndir<\/a><\/div>\n\n\n\n<blockquote class=\"wp-block-quote\"><p>Kaynak<\/p><cite><a href=\"https:\/\/www.tkgm.gov.tr\/tr\/icerik\/yabancilarin-tasinmaz-edinim-rehberi\">https:\/\/www.tkgm.gov.tr\/tr\/icerik\/yabancilarin-tasinmaz-edinim-rehberi<\/a><\/cite><\/blockquote>\n","protected":false},"excerpt":{"rendered":"<p>Mart 2019 tarihinden itibaren yabanc\u0131 \u00fclke vatanda\u015flar\u0131na yap\u0131lan gayrimenkul sat\u0131\u015f i\u015flemlerinde ta\u015f\u0131nmaz de\u011ferleme raporu aranacak. D\u00fczenlemeyle birlikte y\u00fcksek fiyatland\u0131rma ve in\u015faat sekt\u00f6r\u00fcndeki kay\u0131t d\u0131\u015f\u0131l\u0131\u011f\u0131n \u00f6n\u00fcne ge\u00e7ilerek T\u00fcrkiye&#8217;nin marka de\u011ferinin yabanc\u0131 yat\u0131r\u0131mc\u0131 nezdinde art\u0131r\u0131lmas\u0131 ama\u00e7lan\u0131yor. \u00c7evre ve \u015eehircilik Bakanl\u0131\u011f\u0131\u2019na ba\u011fl\u0131 Tapu ve Kadastro Genel M\u00fcd\u00fcrl\u00fc\u011f\u00fc (TKGM) taraf\u0131ndan yay\u0131nlanan genelgeye g\u00f6re yabanc\u0131 uyruklu ki\u015filerin gerek al\u0131c\u0131, gerek&hellip; <br \/> <a class=\"read-more\" href=\"https:\/\/donusumdegerleme.com\/?page_id=91\">Devam\u0131<\/a><\/p>\n","protected":false},"author":1,"featured_media":0,"parent":0,"menu_order":0,"comment_status":"closed","ping_status":"closed","template":"","meta":[],"_links":{"self":[{"href":"https:\/\/donusumdegerleme.com\/index.php?rest_route=\/wp\/v2\/pages\/91"}],"collection":[{"href":"https:\/\/donusumdegerleme.com\/index.php?rest_route=\/wp\/v2\/pages"}],"about":[{"href":"https:\/\/donusumdegerleme.com\/index.php?rest_route=\/wp\/v2\/types\/page"}],"author":[{"embeddable":true,"href":"https:\/\/donusumdegerleme.com\/index.php?rest_route=\/wp\/v2\/users\/1"}],"replies":[{"embeddable":true,"href":"https:\/\/donusumdegerleme.com\/index.php?rest_route=%2Fwp%2Fv2%2Fcomments&post=91"}],"version-history":[{"count":16,"href":"https:\/\/donusumdegerleme.com\/index.php?rest_route=\/wp\/v2\/pages\/91\/revisions"}],"predecessor-version":[{"id":771,"href":"https:\/\/donusumdegerleme.com\/index.php?rest_route=\/wp\/v2\/pages\/91\/revisions\/771"}],"wp:attachment":[{"href":"https:\/\/donusumdegerleme.com\/index.php?rest_route=%2Fwp%2Fv2%2Fmedia&parent=91"}],"curies":[{"name":"wp","href":"https:\/\/api.w.org\/{rel}","templated":true}]}}

<figure class="wp-block-image"><img loading="lazy" width="600" height="400" src="http://donusumdegerleme.com/wp-content/uploads/2019/03/AA.jpg" alt="" class="wp-image-106" srcset="https://donusumdegerleme.com/wp-content/uploads/2019/03/AA.jpg 600w, https://donusumdegerleme.com/wp-content/uploads/2019/03/AA-300x200.jpg 300w" sizes="(max-width: 600px) 100vw, 600px" /></figure>



<blockquote class="wp-block-quote"><p>                   Mart 2019 tarihinden itibaren yabancı ülke vatandaşlarına yapılan gayrimenkul satış işlemlerinde taşınmaz değerleme raporu aranacak. Düzenlemeyle birlikte yüksek fiyatlandırma ve inşaat sektöründeki kayıt dışılığın önüne geçilerek Türkiye&#8217;nin marka değerinin yabancı yatırımcı nezdinde artırılması amaçlanıyor. Çevre ve Şehircilik Bakanlığı’na bağlı Tapu ve Kadastro Genel Müdürlüğü (TKGM) tarafından yayınlanan genelgeye göre yabancı uyruklu kişilerin gerek alıcı, gerek satıcı olarak taraf olduğu bütün satış işlemlerinde taşınmazın piyasa değerini gösteren değerleme raporu zorunluluğu getirildi. Düzenleme 4 Mart 2019 tarihinden itibaren geçerli olacak.   DEĞERLEME RAPORLARI 3 AY SÜREYLE GEÇERLİ OLACAK   Değerleme Raporu uygulaması hali hazırda vatandaşlık başvurusu için yapılan emlak alımlarında yürürlüğe girmişti. Yeni düzenlemeyle birlikte bu şart tüm yabancıya gayrimenkul satışlarına getirildi. Genelgeye göre, hazırlanan değerleme raporları düzenlendiği tarihten itibaren 3 ay geçerli olacak ve herhangi bir satış işleminde kullanılabilecek. 3 aylık süreçte taşınmazın değerine etki edecek bir değişiklik söz konusu olursa yeni değerleme raporu istenecek. Henüz inşa aşamasındaki yapılar için ise tamamlandıktan sonra elde edeceği değer üzerinden bir hesaplama yapılacak. Değerleme raporları ise SPK lisanslı uzmanlar tarafından verilmeye devam edecek. Tapu ve Kadastro Genel Müdürü M. Zeki ADLI, “Yeni düzenlemeyle birlikte özellikle yabancıya konut satışı sektöründe profesyonelleşme ve uzmanlık ön plana çıkacak, hizmet kalitesinin artırılmasına katkı sağlayacak. Türkiye’nin yabancı ülke vatandaşları nezdindeki algısı ve güvenilirliği de artacak.” dedi. </p><cite><a href="https://tkgm.gov.tr/tr/icerik/yabanciya-konut-satisinda-degerleme-zorunlulugu">https://tkgm.gov.tr/tr/icerik/yabanciya-konut-satisinda-degerleme-zorunlulugu</a></cite></blockquote>



<p>Yabancı Uyruklu Kişiler İçin Taşınmaz Edinim Rehberi</p>



<div class="wp-block-file"><a href="http://donusumdegerleme.com/wp-content/uploads/2019/03/tapu_ve_kadastro_genel_mudurlugu_-_yabancilarin_tasinmaz_edinim_rehberi_-_2019-03-01.pdf">tapu_ve_kadastro_genel_mudurlugu_-_yabancilarin_tasinmaz_edinim_rehberi_-_2019-03-01</a><a href="http://donusumdegerleme.com/wp-content/uploads/2019/03/tapu_ve_kadastro_genel_mudurlugu_-_yabancilarin_tasinmaz_edinim_rehberi_-_2019-03-01.pdf" class="wp-block-file__button" download>İndir</a></div>



<blockquote class="wp-block-quote"><p>Kaynak</p><cite><a href="https://www.tkgm.gov.tr/tr/icerik/yabancilarin-tasinmaz-edinim-rehberi">https://www.tkgm.gov.tr/tr/icerik/yabancilarin-tasinmaz-edinim-rehberi</a></cite></blockquote>

<p>Mart 2019 tarihinden itibaren yabancı ülke vatandaşlarına yapılan gayrimenkul satış işlemlerinde taşınmaz değerleme raporu aranacak. Düzenlemeyle birlikte yüksek fiyatlandırma ve inşaat sektöründeki kayıt dışılığın önüne geçilerek Türkiye&#8217;nin marka değerinin yabancı yatırımcı nezdinde artırılması amaçlanıyor. Çevre ve Şehircilik Bakanlığı’na bağlı Tapu ve Kadastro Genel Müdürlüğü (TKGM) tarafından yayınlanan genelgeye göre yabancı uyruklu kişilerin gerek alıcı, gerek&hellip; <br /> <a class="read-more" href="https://donusumdegerleme.com/?page_id=91">Devamı</a></p>
