{"id":906,"date":"2020-10-29T21:01:09","date_gmt":"2020-10-29T21:01:09","guid":{"rendered":"http:\/\/donusumdegerleme.com\/?page_id=906"},"modified":"2021-12-18T14:02:26","modified_gmt":"2021-12-18T14:02:26","slug":"imar-plani-degisikliginde-deger-artis-payi-duzenlemesi","status":"publish","type":"page","link":"https:\/\/donusumdegerleme.com\/?page_id=906","title":{"rendered":"\u0130mar plan\u0131 de\u011fi\u015fikli\u011finde &#8216;de\u011fer art\u0131\u015f pay\u0131&#8217; d\u00fczenlemesi"},"content":{"rendered":"\n<figure class=\"wp-block-table\"><table><tbody><tr><td>\u00c7evre ve \u015eehircilik Bakanl\u0131\u011f\u0131&nbsp;taraf\u0131ndan haz\u0131rlanan ve Resmi Gazete&#8217;de yay\u0131mlanan yeni imar plan\u0131 de\u011fi\u015fikli\u011fine g\u00f6re, bundan b\u00f6yle 1000 metrekareden k\u00fc\u00e7\u00fck imar adalar\u0131nda plan de\u011fi\u015fikli\u011fi yap\u0131lamayacak. De\u011fer art\u0131\u015f pay\u0131, b\u00fcy\u00fck\u015fehir belediyesinin oldu\u011fu illerde y\u00fczde 25&#8217;i b\u00fcy\u00fck\u015fehir belediyesine, y\u00fczde 25&#8217;i ilgili il\u00e7e belediyesine, y\u00fczde 25&#8217;i bakanl\u0131\u011f\u0131n D\u00f6n\u00fc\u015f\u00fcm Projeleri \u00d6zel Hesab\u0131na, y\u00fczde 25&#8217;i Hazineye aktar\u0131lacak. (Kaynak sayfa TAKV\u0130M ve <a class=\"\" href=\"https:\/\/www.takvim.com.tr\/haberleri\/cevre-ve-sehircilik-bakanligi\">\u00c7evre ve \u015eehircilik Bakanl\u0131\u011f\u0131<\/a>&nbsp;)<\/td><td><\/td><\/tr><tr><td>\u00c7evre ve \u015eehircilik Bakanl\u0131\u011f\u0131n\u0131n haz\u0131rlad\u0131\u011f\u0131 Resmi Gazete&#8217;de yay\u0131mlanan y\u00f6netmeli\u011fe g\u00f6re, parsel baz\u0131nda n\u00fcfusu, yap\u0131 yo\u011funlu\u011funu ve kat adedini art\u0131ran plan de\u011fi\u015fiklikleri yap\u0131lamayacak<\/td><\/tr><tr><td><\/td><\/tr><tr><td><\/td><\/tr><\/tbody><\/table><\/figure>\n","protected":false},"excerpt":{"rendered":"<p>\u00c7evre ve \u015eehircilik Bakanl\u0131\u011f\u0131&nbsp;taraf\u0131ndan haz\u0131rlanan ve Resmi Gazete&#8217;de yay\u0131mlanan yeni imar plan\u0131 de\u011fi\u015fikli\u011fine g\u00f6re, bundan b\u00f6yle 1000 metrekareden k\u00fc\u00e7\u00fck imar adalar\u0131nda plan de\u011fi\u015fikli\u011fi yap\u0131lamayacak. De\u011fer art\u0131\u015f pay\u0131, b\u00fcy\u00fck\u015fehir belediyesinin oldu\u011fu illerde y\u00fczde 25&#8217;i b\u00fcy\u00fck\u015fehir belediyesine, y\u00fczde 25&#8217;i ilgili il\u00e7e belediyesine, y\u00fczde 25&#8217;i bakanl\u0131\u011f\u0131n D\u00f6n\u00fc\u015f\u00fcm Projeleri \u00d6zel Hesab\u0131na, y\u00fczde 25&#8217;i Hazineye aktar\u0131lacak. (Kaynak sayfa TAKV\u0130M ve&hellip; <br \/> <a class=\"read-more\" href=\"https:\/\/donusumdegerleme.com\/?page_id=906\">Devam\u0131<\/a><\/p>\n","protected":false},"author":1,"featured_media":0,"parent":0,"menu_order":0,"comment_status":"closed","ping_status":"closed","template":"","meta":[],"_links":{"self":[{"href":"https:\/\/donusumdegerleme.com\/index.php?rest_route=\/wp\/v2\/pages\/906"}],"collection":[{"href":"https:\/\/donusumdegerleme.com\/index.php?rest_route=\/wp\/v2\/pages"}],"about":[{"href":"https:\/\/donusumdegerleme.com\/index.php?rest_route=\/wp\/v2\/types\/page"}],"author":[{"embeddable":true,"href":"https:\/\/donusumdegerleme.com\/index.php?rest_route=\/wp\/v2\/users\/1"}],"replies":[{"embeddable":true,"href":"https:\/\/donusumdegerleme.com\/index.php?rest_route=%2Fwp%2Fv2%2Fcomments&post=906"}],"version-history":[{"count":4,"href":"https:\/\/donusumdegerleme.com\/index.php?rest_route=\/wp\/v2\/pages\/906\/revisions"}],"predecessor-version":[{"id":1017,"href":"https:\/\/donusumdegerleme.com\/index.php?rest_route=\/wp\/v2\/pages\/906\/revisions\/1017"}],"wp:attachment":[{"href":"https:\/\/donusumdegerleme.com\/index.php?rest_route=%2Fwp%2Fv2%2Fmedia&parent=906"}],"curies":[{"name":"wp","href":"https:\/\/api.w.org\/{rel}","templated":true}]}}

İmar planı değişikliğinde &#8216;değer artış payı&#8217; düzenlemesi

<figure class="wp-block-table"><table><tbody><tr><td>Çevre ve Şehircilik Bakanlığı&nbsp;tarafından hazırlanan ve Resmi Gazete&#8217;de yayımlanan yeni imar planı değişikliğine göre, bundan böyle 1000 metrekareden küçük imar adalarında plan değişikliği yapılamayacak. Değer artış payı, büyükşehir belediyesinin olduğu illerde yüzde 25&#8217;i büyükşehir belediyesine, yüzde 25&#8217;i ilgili ilçe belediyesine, yüzde 25&#8217;i bakanlığın Dönüşüm Projeleri Özel Hesabına, yüzde 25&#8217;i Hazineye aktarılacak. (Kaynak sayfa TAKVİM ve <a class="" href="https://www.takvim.com.tr/haberleri/cevre-ve-sehircilik-bakanligi">Çevre ve Şehircilik Bakanlığı</a>&nbsp;)</td><td></td></tr><tr><td>Çevre ve Şehircilik Bakanlığının hazırladığı Resmi Gazete&#8217;de yayımlanan yönetmeliğe göre, parsel bazında nüfusu, yapı yoğunluğunu ve kat adedini artıran plan değişiklikleri yapılamayacak</td></tr><tr><td></td></tr><tr><td></td></tr></tbody></table></figure>

<p>Çevre ve Şehircilik Bakanlığı&nbsp;tarafından hazırlanan ve Resmi Gazete&#8217;de yayımlanan yeni imar planı değişikliğine göre, bundan böyle 1000 metrekareden küçük imar adalarında plan değişikliği yapılamayacak. Değer artış payı, büyükşehir belediyesinin olduğu illerde yüzde 25&#8217;i büyükşehir belediyesine, yüzde 25&#8217;i ilgili ilçe belediyesine, yüzde 25&#8217;i bakanlığın Dönüşüm Projeleri Özel Hesabına, yüzde 25&#8217;i Hazineye aktarılacak. (Kaynak sayfa TAKVİM ve&hellip; <br /> <a class="read-more" href="https://donusumdegerleme.com/?page_id=906">Devamı</a></p>
